. Let o = 33 - b. What is the highest common factor of o and 5?
1
Let t(k) = k**2 + 11*k - 18. Let g be t(-17). Calculate the highest common divisor of g and 672.
84
Let n = -210 - -230. Calculate the greatest common factor of n and 340.
20
Suppose -491 = -17*k - 457. Suppose 2*r + 106 = 4*o, 5*o + 6*r - 2*r = 126. What is the highest common divisor of o and k?
2
Let x be -9*(-112)/(-120)*-195. What is the highest common divisor of 42 and x?
42
Let f(i) = -i + 3. Suppose 7*w - 3*w = 0. Let x be f(w). Suppose -2*u - x*u + 320 = 0. What is the greatest common divisor of u and 8?
8
Let d be 3/(-4) - 123/(-4). Suppose 5*v + d + 0 = 0. Let c be 0 + v/(-2) - 1. What is the highest common factor of c and 22?
2
Let l be (-296)/(-10) + -1 + 7/5. Suppose -9*u + l = -6*u. What is the greatest common factor of u and 2?
2
Let f = 6 - 2. Let g = 1679 - 1635. Calculate the greatest common divisor of f and g.
4
Let r(a) = 2*a**3 - 52*a**2 + 14*a - 268. Let p be r(26). What is the greatest common factor of 3 and p?
3
Let b = -1869 - -1870. Let v(a) = -a + 11. Let h be v(9). Suppose 16 = h*d + 2*d. What is the highest common divisor of b and d?
1
Let h be 2/6 - 623/(-3). Suppose t - 376 = -2*i, -3*i - 1847 = -5*t - 2*i. Let z = t - h. What is the highest common factor of z and 18?
18
Let k be 16 + 2 - (1 + -5). Suppose 2*z - k = 6. What is the highest common divisor of z and 2?
2
Let i be (-1 - 3)/((-4)/(-22)). Let l be 1390/i + (-12)/(-66). Let t = -33 - l. What is the highest common divisor of 60 and t?
30
Let v(c) = -c**3 + 9*c**2 + 7*c - 8. Let z be v(9). Suppose o - 125 = z. Suppose 0*a - 2*a + o = 0. Calculate the highest common factor of 36 and a.
18
Let y(q) = -15*q**2 - 3*q - 1. Let p be y(-2). Let j be 99/p + 1/(-5). Let d be (1/j)/((-1)/224). What is the highest common divisor of d and 16?
16
Let i = 371 - 287. What is the greatest common divisor of 210 and i?
42
Let b(o) = 0 - 5*o + 3*o**2 + 3 - 6 + o**3. Let h be b(-4). Let t be (-3)/(-2)*(-816)/(-153). What is the greatest common divisor of h and t?
1
Let v = -191 + 196. Calculate the highest common divisor of 135 and v.
5
Let g = -7 - -10. Suppose 0 = -n + 1, -o - g*o = -4*n - 428. Suppose s + 5*s - o = 0. What is the highest common divisor of 27 and s?
9
Suppose 86 + 54 = 7*h. What is the greatest common factor of h and 12?
4
Let y(l) = -32*l + 20. Let z be y(-5). Calculate the greatest common divisor of z and 225.
45
Let i be 4/6 + 20/6. Let k(h) = 5*h**2 - 2*h - 2. Let q be k(-1). Suppose p + 2*z = 40, 7 = q*z - 13. What is the highest common factor of p and i?
4
Let j be 36 + -1*1 + 1. Let c = -195 + 323. Let p = c - 119. Calculate the highest common factor of j and p.
9
Suppose -456 = 2*m - 3966. Calculate the highest common divisor of 130 and m.
65
Let i = -15 + 15. Suppose i = a + a - 12. Let m be (-40)/(-6) - (-10)/(-15). What is the greatest common divisor of a and m?
6
Suppose 4*a - 183 = -3*g, -5*g - a = -273 - 49. Let m = 8 + -14. Let k be 2*26/(-12)*m. Calculate the highest common divisor of k and g.
13
Suppose 4*a + 7 = 19. Suppose s = -1, 3*s = a*r - 25 - 38. Suppose r = -2*l + 92. What is the greatest common factor of l and 9?
9
Let s(q) be the first derivative of -5 + 12*q - 1/3*q**3 - 5*q**2. Let l be s(-10). Calculate the greatest common factor of l and 132.
12
Suppose -2*h - 3*h = -520. Let r = 409 - 588. Let n = -153 - r. What is the highest common divisor of n and h?
26
Let i(l) = -22*l + 33. Let h be i(-6). Calculate the highest common divisor of h and 15.
15
Let t be (6 - 2) + -3 - -35. Calculate the highest common divisor of t and 144.
36
Let c = 1228 - 941. Calculate the greatest common divisor of 123 and c.
41
Let f = -1 - 8. Let s be (10/(-6))/(1/f). Suppose -5*k + 25 = 0, s = 2*q - 2*k + k. Calculate the highest common divisor of 80 and q.
10
Suppose -3*v - 9*v = -288. Let d be (4/(-10))/(2/(-20)). Suppose 3*h - k = d*k + 4, 3*h = 2*k + 7. Calculate the greatest common divisor of v and h.
3
Suppose 4*t = 4*i - 84, 4*i + 1 - 100 = -t. Let q be (65/(-5) - -1) + -4. Let z = i + q. Calculate the highest common factor of z and 20.
4
Let o be (3 + 25)*130/40. Let a be (-1)/(-3) + (-4)/(-6). Let f = 12 + a. Calculate the greatest common factor of f and o.
13
Let t = 212 + -215. Let u be (6/(-10))/(1/(-45)) + t. Let r(f) = -f - 1. Let x be r(-4). What is the greatest common factor of u and x?
3
Suppose -x = -2*c + 57, -5*c - 18*x + 21*x + 145 = 0. Calculate the greatest common divisor of c and 6.
2
Let j be 9/(-1) - (2241/(-117) - (-14)/91). Let w = -2 - -4. Suppose p - 132 = -2*p - 3*z, -w*z + 8 = 0. Calculate the highest common factor of p and j.
10
Let h be -2*(-1)/6 - (-6205)/51. Let o be ((-42)/(-35))/(h/60 + -2). Calculate the highest common factor of o and 90.
18
Suppose 55 = 3*f - 11. What is the greatest common factor of 517 and f?
11
Let m = -17 + -7. Let v be (-462)/m + 3/4. Let t be ((-16)/v)/(2/(-35)). Calculate the greatest common divisor of t and 70.
14
Let g = -989 - -1021. What is the greatest common factor of g and 488?
8
Suppose -12*x + 11*x = -51. Calculate the highest common divisor of 17 and x.
17
Let t be 2/7 + 19/7. Suppose 2*k + 43 + 35 = 0. Let x = 72 + k. Calculate the greatest common factor of t and x.
3
Let m(d) = -12*d - 88. Let j be m(-9). Calculate the highest common factor of j and 230.
10
Suppose 0 = -s - 4*x - 8 + 19, 2*x + 121 = 5*s. Let q = s + -4. Suppose 63 = u - 2*o, 3*u = -u - 5*o + 213. What is the greatest common factor of u and q?
19
Let b = -314 - -853. What is the greatest common factor of b and 98?
49
Suppose -10 + 186 = 8*b. Let l(u) = 36*u**2 - u + 1. Let i be l(1). Let j = i - b. What is the greatest common factor of 70 and j?
14
Suppose 59*w + 17*w = 7448. Calculate the greatest common divisor of w and 168.
14
Suppose -6*w - 31 - 53 = 0. Let g = w - -19. Calculate the greatest common factor of g and 15.
5
Suppose 0*h - b - 280 = -h, -3*h - 4*b + 833 = 0. Suppose 0 = -2*m + 5*m + 3*o - 84, 4*m + 2*o = 118. What is the highest common factor of m and h?
31
Let y be ((-12)/(-20))/(12/60). What is the greatest common factor of 39 and y?
3
Let q = 7 + -4. Suppose -k = -q*k - 5*b + 19, 4*b = 4. Let f(u) = -u**3 + 8*u**2 + 24*u - 5. Let v be f(10). What is the greatest common divisor of k and v?
7
Let r be 3*(-1 - 8/(-6)). Suppose 0 = 43*m - 81*m + 76. What is the highest common divisor of m and r?
1
Let m = 87 - -3. Let i = 144 - m. What is the highest common factor of i and 18?
18
Suppose 34*i - 51 - 17 = 0. Suppose 4*q + 4*d - 24 = 0, -2*q - 5*d - 4 + 31 = 0. What is the highest common divisor of i and q?
1
Let c(z) = -6*z + 59. Let f be c(9). Let k(a) = -5*a. Let x = 0 - 2. Let h be k(x). Calculate the highest common divisor of f and h.
5
Suppose 0 = -2*a + s + 33, 3*s = -2*s + 15. What is the highest common divisor of 774 and a?
18
Suppose -20 = -4*u - p, 20 = -2*u + 4*u - 2*p. Let a be (108/8)/(u/8). Suppose m = -2*m + 3*k + a, k = -2*m + 6. What is the highest common divisor of m and 16?
4
Suppose 66 = -0*a + 3*a. Suppose 27171 - 1827 = 288*m. What is the greatest common factor of a and m?
22
Let c = -1037 + 1063. Suppose 0 = -2*m + m + 39. What is the highest common factor of m and c?
13
Let h = 25 - 10. Let q(n) = n**3 + 4*n**2 - 18. Let g be q(-7). Let r be (-4)/3 - (-32)/24 - g. Calculate the greatest common divisor of r and h.
15
Let j = 16 - 16. Suppose j = -4*s - s + 125. Let f be ((-20)/s)/(3/(-30)). What is the greatest common divisor of 4 and f?
4
Suppose -11*d + 11 = -154. Let x(k) = -15*k. Let o be x(-2). Calculate the greatest common factor of o and d.
15
Suppose -5*c = 3*x - 17, -3*x + c + 11 = -2*x. Let n be 70/10 - (1 - 3). Calculate the greatest common factor of n and x.
9
Let d be 2 - ((3 - (-6)/3) + -9). What is the highest common divisor of 237 and d?
3
Suppose -80*f - 1599 = -83*f. What is the highest common divisor of 13 and f?
13
Suppose -140*x + 1 = -139*x, 4*x = -4*f + 1896. Suppose 0 = -3*j + 173 - 44. Calculate the greatest common factor of j and f.
43
Let q be ((-19)/(-5) - 3)*10. Let v(u) = -u**3 - 9*u**2 - 6*u - 4. Let w be v(-8). Let o = 4 - w. What is the highest common divisor of q and o?
8
Let i = -77 - -34. Let c = i - -80. Let a = 779 - 742. Calculate the highest common divisor of a and